-99).
-24
What is (46 - -96) + -89 - (-9 - 0)?
62
What is 14 + -54 + 14 - -21 - -29?
24
Evaluate (-1 - (3 + -8)) + 1 - (43 + -68 - 18).
48
What is -179 + (196 - 46) + (1 - 68)?
-96
Evaluate 28 + 41 + (-17 - -61) - 9.
104
Calculate -1725 + 1739 + (1 - 0 - (-4 - -22)).
-3
Calculate (14 + (12 - 15) - 29) + -13.
-31
-131 - (-96 - -100 - 77)
-58
3 + (-1 - 28) - (-1 + -17 - (1166 - 1173))
-15
-59 + 10 - -53 - 5
-1
Evaluate (110 - -87) + -75 - 130.
-8
(-59 - -11) + 13 + 8 + -1 + -2
-30
What is the value of 16 - (-33 - -74) - -45 - 1?
19
(27 - 18) + -15 + (-14 - -14) - -15
9
What is the value of (8 - 27 - 11) + 53?
23
-32 - (0 - (17 + -5)) - (-26 - 8)
14
-15 + (-1 - -11) - (-5 - (6 - -15))
21
Calculate -26 + (30 - -8) - 5 - (63 + -1).
-55
-81 - ((10 - -1) + -43)
-49
2543 + -2583 + (2 - 2 - -166)
126
Calculate -9 + 17 - 2 - (-61 + (-7 - (-4 + -1))).
69
Calculate -12 - (66 + -6 + -115).
43
What is -85 - -90 - (-3 + (-7 + 7 - (24 - 2)))?
30
What is the value of 63 - (2 + 5 + (-18 - -25))?
49
Calculate 2 - (14 + -3) - (-11 + (-4 - -12) - -16).
-22
Calculate -1 + -4 + 508 + -436.
67
-2 - (9 - -1) - (-12 - (17 + -18 + 66))
65
Calculate (-3 - 6) + -431 + 481.
41
What is ((-86 - 0) + 1 - 1) + (14820 - 14836)?
-102
Evaluate 20 - (-20 + (0 - 8) + 7).
41
What is the value of (32 + -9 - 29) + -20 - -129?
103
10 + 78 - 20 - 32
36
What is the value of -6 - ((-4 - -2) + 11 + 0 + -5 - 79)?
69
What is the value of 165 - 29 - -2 - (-2 + 43)?
97
What is -33 - (-94 + 21 + 28)?
12
28 + -14 - 14 - (3 + -1 + 1 + 42)
-45
What is the value of 37 - 162 - 55 - -131?
-49
What is 13 - (11 + (48 - -10 - 7 - -12))?
-61
What is -73 + (-35 - -71) + 7?
-30
Calculate -2 + (-2 - 2 - 0) + 3 - (1332 - 1339).
4
What is the value of -8 + (20 + 0 - (55 + -70) - -14)?
41
Calculate 16 - ((89 - 95) + (-3 - 0) - -114).
-89
Evaluate (24 - (35 + -7 + (-6 - 15))) + 40.
57
(131 - 96) + -17 + (10 - 1) + (3 - 5)
25
What is (193 - 135) + (-4 - 17)?
37
What is the value of -767 + 756 - (1 - 0 - 18)?
6
Evaluate -8 + 38 - (51 + (-25 - 10)).
14
What is 1 - 1 - (-42 - (-108 + 43))?
-23
Calculate 6 - (5 + 0 + -2) - (-302 - -316).
-11
What is (152 - 140) + (-2 - (-27 - 6)) + 1?
44
What is 5 - (-36 + -16 + 31) - 2?
24
-13 - (-10 + -5 + (-1 - -13) - (0 + 1))
-9
-6 + -70 + 195 + -61
58
What is 11 + (6 - 11 - 2) - (-13 + 23)?
-6
What is (2 - 9) + (86 - 19) + (-5 - (-2 + -4))?
61
-1174 - -1187 - (-20 - -3)
30
Evaluate 0 + -13 + 114 + -2 - (15 + -2 + -2).
88
Evaluate -18 + -6 + (6 - (-86 - (4 + -16))).
56
Evaluate -19 + -23 + -25 + 6 + (-2 - 5).
-68
What is the value of -9 - (-3 + -6 - -15) - (47 + -56)?
-6
What is (-13 - -1 - (35 + -71 + -36)) + 0?
60
Calculate 112 - (124 - (-32 + 100)).
56
What is the value of (0 - -5 - -43 - (35 - 23)) + -3?
33
(-158 - -115) + -58 - 56
-157
Calculate 0 - 12 - (-48 + 6 - (106 + -120)).
16
-13 + 1 + 23 + -14 + 15 + (55 - 2)
65
What is -2 + -22 - (-6 + 17 + (-2 - 3) + -4)?
-26
What is 14 + (99 + -114 - (-2 - 16)) + -34?
-17
Calculate -128 + 234 + -123 - (-41 + 0).
24
Calculate (-28 - 12) + (-13 + 10 - 8).
-51
Calculate 2030 + -2064 + 1 + 21 + 0.
-12
Evaluate (-10 - -46) + (406 - 357).
85
(-139 - -1) + -220 + 230 - (-21 - -1)
-108
Evaluate 51 + (-10 - 30) + 39 + -19.
31
Calculate -12 + (140 - 46) + -109.
-27
Calculate 41 + (42 + -18 - -17 - 28).
54
What is 37 + (-17 + -11 + 16 - -4) + -2?
27
Evaluate (9 + -34 - -25) + 3 + -52 - -13.
-36
What is (2 - -8 - (6 - 5) - 12) + 27?
24
What is (-10 - (29 - 6)) + -26?
-59
Evaluate 43 + (3 - -4 - 4) + (2 - 48 - -49).
49
Evaluate (-7 - -52) + -56 - (20 - 0).
-31
What is 161 + -301 - (21 - 44)?
-117
What is the value of -16 - ((-11 - 1) + -4 - -5)?
-5
Evaluate (16 - 1) + 0 + -25 + -351 + 354.
-7
Evaluate 79 - (74 - 161 - -80).
86
What is the value of -29 - -15 - (0 + 1 + -91 + -9) - -2?
87
-11 - ((8 + (-8 - -9) - -22 - 10) + -6)
-26
Evaluate -13 - -2 - ((-250 - -326) + (-2 - (-29 + 4))).
-110
Calculate (-2 + (-1 - (8 - 2)) - -22) + 2 + -4.
11
What is -131 + 88 + -54 + 45?
-52
Calculate -2 + -9 - (-52 - (-29 + -23)).
-11
Calculate 82 + 127 + -191 - 87.
-69
What is the value of (-1 - -3) + 1 + -4 - (4 - (-111 - 36))?
-152
-18 - ((-5 - -3 - 14) + 14 + -52)
36
What is 20 - (3 - (28 - (-3 + (7 - 16))))?
57
What is 49 - (78 - -89) - -40?
-78
Calculate (79 - 4 - -8 - 93) + (1 - (51 - -1)).
-61
Evaluate 10 - (-38 + -13 + -14 + 5).
70
What is the value of 3 + -8 + 3 + -1 + 20 + (-17 - -11)?
11
What is 42 + (-144 - -138) + (19 - -3) + -1?
57
Evaluate -15 + (118 - 187) + 35.
-49
What is the value of 156 + -142 - (-3 + -2 - -4 - -27)?
-12
What is 10 - 38 - (-43 - 7)?
22
-2 - 0 - -1 - (21 + 11 + -24)
-9
Calculate 155 + -117 - (-8 - -23 - 12).
35
What is 0 + 2 + -11 + (0 - 10 - (19 + -95))?
57
(87 - -29 - (0 - -25)) + -8 + -7
76
What is the value of 3 - ((31 - -19) + -35)?
-12
Calculate 7 - -38 - ((20 - 19) + (-1 - 1)).
46
Evaluate 459 + -495 + (-40 - 32).
-108
What is 5 - (-8 - -10) - 57 - 0 - (-49 + 36)?
-41
What is the value of (-20 - (7 + -7)) + 65 - 9?
36
Calculate -4 + 22 - (-30 + (-17 - -89)).
-24
Calculate -8 - (-12 + (-46 - (1 - 31))).
20
-12 - ((6 - -1) + 61 + -73) - (-1 + 40)
-46
-60 + 55 + 0 - 2
-7
What is -11 - ((101 - (17 + -2) - -15) + 7)?
-119
What is the value of -55 + (24 - (-21 + 10) - 17)?
-37
Calculate -18 + -5 - (5 - (15 + -7) - 2).
-18
What is the value of 0 + -2 + 89 + (-34 - (-36 + 1))?
88
What is the value of 196 + (-74 - 91) - (5 - (1 + 0))?
27
What is 7 + 2 - ((0 - 13) + 10 + -31 + -4)?
47
What is the value of -40 - ((23 + -17 + -38 - -14) + 26)?
-48
What is 5 + -13 + -28 - (-3 - 19)?
-14
What is the value of 1 + 21 + (-334 - -231 - -42)?
-39
Calculate -2 + -5 - (801 - 818).
10
Calculate 59 + 55 + -8 + -136.
-30
What is -151 - (-47 + -40 + 61 + -10)?
-115
12 + (-5102 + 5132 - (0 + (8 - 0)))
34
19 + -23 + -1 + (-25 - (1 - -4))
-35
Evaluate -28 + (8 - ((1 - -4) + 71 + -77 - -1)).
-20
-74 + 23 + ((-9 - 3) + 1 - 9)
-71
Calculate 10 - (21 + -22 - -89).
-78
Calculate -108 + 0 + -1 - (-58280 - -58251).
-80
Evaluate 0 + (27 - 73 - -44) + 0 + 8 + -3.
3
((-1 + -11 - -31) + -23 - (-1 - 0)) + 4
1
Calculate -101 - -1 - (-1 - (15 + (2 - -8))).
-74
What is the value of -53 - ((175 - 64) + -74)?
-90
What is (-74 - 1) + (53 - 32 - (24 + 11))?
-89
(15 - 6 - -13) + -14 - (-28 + 3)
33
What is (-29 - 82) + 75 + -36?
-72
What is the value of 29 + -27 + 3 + (4 - (-8 - -5))?
12
What is -27 - 0 - (-25 + 47 - -3)?
-52
What is the value of -74 - ((335 - 303) + (-38 - -1))?
-69
Calculate 9 - (-17 - (5 + -11 + 18 + 8)).
46
71 - (13 - (-31 - -20 - -5))
52
What is the value of 55 + (70 - 100) + (-130 - 3)?
-108
What is the value of 143 + -128 - (-1 - (-2 - (2 - -111)))?
-99
-117 - -121 - (-1 + -37)
42
What is -46 + (-59 + 91 - 48)?
-62
What is the value of 19733 - 19633 - (-29 + -1)?
130
What is the value of -11 + (11 - (-4 + 27)) - (161 - 323)?
139
Evaluate 15 + 31 + -63 + -2.
-19
-91 + (95 - (40 + 37))
-73
What is 12 + -7 + 5 + (-15 + 7 - 16)?
-14
What is 58 - (39 + 79 - 132)?
72
-214 + 238 + 44 - (0 - -24)
44
Evaluate (-98 - -106) + (-19 - -1) - ((33 - 2) + 2).
-43
What is -21 - (-4 - (6 + (-2 - -9))) - 29?
-33
What is (-2546 - -2436) + (1 - 2)?
-111
What is 53 - (19 - 26 - -26) - -7?
41
68 + (-10 - (5 + (1 - (12 - 12)))) + 7
59
What is the value of (-25 + 25 - (2 - 9)) + (66 - (10 + 5))?
58
What is (-12 - -23 - -3) + -17 + (2 - 1) + 2?
0
What is (-1 - -6 - 8 - 37) + (34 - 25)?
-31
(4 - 6 - 1 - 2) + -52 + (63 - 82)
-76
-91 + 127 - (19 - (4 + -7))
14
What is the value of 11 - 8 - 7 - 13 - (34 + -7)?
-44
Calculate 43 - (-43 + (8 - -28)).
50
-55 + -12 + 275 + -255
-47
What is -49 - (6 - 1) - (-13 + 16)?
-57
What is 11 - 42 - (-1 - 40) - (-15 + -1)?
26
What is 5 + -55 - (-2 - 70)?
22
What is 12 - ((5 + -29 - -14) + 19 + -10)?
13
(-966 - -944) + (1 - -16) - -26
21
19 + (-9 - (-18 + 14)) + 19 + 77
110
Evaluate 3 + (-6 - -23 - 27) + 1 + 36.
30
-2 + -43 - (-101 - (-154 - -70))
-28
(-56 - -41 - 37) + 44
-8
Evaluate 35 + -19 + 53 + -31 + 30.
68
What is the value of 46 - ((68 - 32) + 5 + -19)?
24
Calculate 55 + (4 - -7 - ((-1 + -1 - -8) + -2)).
62
What is the value of (13 - -53) + 12 - 21?
57
Calculate -16 - ((-16 - (-9 - 16)) + 19 - 8).
-36
Evaluate 10 + (-24 - -99) - 122.
-37
Calculate 3 + 62 + -1 + 1003 + -975 + (-1 - 16).
75
Evaluate -28 - (75 - 60) - 1.
-44
43